
Let r = 15363 + -15297. What is the greatest common factor of 54 and r?
6
Let w(q) = -q**2 - 3*q + 6. Let k be w(-4). Suppose 2*d - 5*d - 12 = 0, 5*b = k*d + 58. What is the greatest common divisor of 250 and b?
10
Suppose 5*d - 5*t - 18675 = 0, -1082*d - 4*t - 7480 = -1084*d. Calculate the highest common factor of 20 and d.
10
Suppose 4*h = -9*h + 78. Let w be (-1)/2*588/(-7). What is the greatest common divisor of h and w?
6
Suppose -60*l + 56*l - 4*k - 500 = 0, -5*k = 0. Suppose -p = 4*d + 89, -2*p + 0*p = -3*d + 145. Let x = p - l. Calculate the highest common factor of x and 24.
24
Suppose 224 = -14*b + 504. Let x = 13 + -5. Calculate the highest common factor of b and x.
4
Let f be (66 - 48) + (-1 - -6). Let w = -175 + 428. What is the highest common divisor of w and f?
23
Suppose 0 = o - 2894 + 2905. Let j(k) be the second derivative of -k**3/3 - 5*k**2 + k. Let s be j(o). What is the highest common divisor of 96 and s?
12
Suppose 5*m + 109 = 321*h - 318*h, -h = -3*m - 35. What is the greatest common divisor of 361 and h?
19
Suppose -6*l + 3*x - 36 = -396, 6 = x. Calculate the highest common divisor of l and 12.
3
Suppose -3*w + 59 = -4*w. Let i = w - -72. Suppose 6*a = i*a - 28. Calculate the highest common factor of a and 40.
4
Let s = -3125 - -4909. Calculate the highest common divisor of 32 and s.
8
Suppose -u + 45 = 4*u. Let l(j) = 23*j**3 + 141*j**2 + 3*j + 27. Let v be l(-6). Calculate the greatest common factor of u and v.
9
Suppose -3*a + 1806 = n, -4*a + n + 3050 = 642. Suppose 750 = 2*c - 4*y + 746, -12*c + 138 = -5*y. What is the highest common factor of a and c?
14
Let s be -1*(-28)/2 - 0. Let y be 11 - (308/(-3) + 2 + (-91)/273). What is the greatest common divisor of y and s?
14
Let g(d) be the third derivative of 0*d + 0*d**3 - 32*d**2 + 8/15*d**5 + 0 - 1/24*d**4. Let w be g(2). Calculate the greatest common divisor of 84 and w.
42
Suppose -13*d + 22*d = 1332. Suppose j = d - 104. Let o(u) = u**2 + 7*u + 10. Let a be o(-13). Calculate the greatest common divisor of j and a.
44
Suppose 2*u = 4*h + 958, 5*u - 3532 + 1098 = -3*h. What is the greatest common factor of 35 and u?
5
Let a be 2/((-120)/(-312)*1/65). Let p = a + -327. Let r = -179 + 300. Calculate the greatest common factor of r and p.
11
Suppose -6*m + 11*m + 2*u = 54383, 0 = 5*m + 4*u - 54391. Calculate the greatest common factor of 87 and m.
87
Suppose 0 = -l + 3*j - 4689, -l - 3855 = 3*j + 816. Let h be (1/2)/((-15)/l). Calculate the greatest common factor of 26 and h.
26
Let y = -159 - -299. Suppose s - 233 + 242 = 0, 3*l + 5*s = 123. What is the greatest common factor of y and l?
28
Let p(s) = -s**2 - 133*s - 121. Let c be p(-88). Calculate the greatest common divisor of c and 11.
11
Let b(w) = 24*w + 28. Let u be b(-1). Let q be (6/(-6) - u) + 18. Calculate the highest common divisor of 208 and q.
13
Let g be (25/4)/(17/68). Suppose 30*y - 25 = g*y. Let v(k) = k**3 - 3*k**2 - 5*k - 7. Let s be v(y). Calculate the highest common factor of s and 6.
6
Let j(g) = -g**2 - g. Let b(l) = -5*l**2 - 30*l - 142. Let d(y) = -b(y) + 4*j(y). Let t be d(-31). Calculate the greatest common divisor of 22 and t.
11
Suppose -8*z = -36 - 604. Suppose 72*q = -6456 + 28393 + 3983. Calculate the greatest common factor of z and q.
40
Suppose 5*m = 3*x + 3593, 36*x - 32*x = -2*m + 1458. What is the highest common divisor of m and 515?
103
Suppose 31*t - 40*t = -3915. Let x = t - 429. Calculate the greatest common factor of 4 and x.
2
Let g(i) = 1. Let b(y) = 3*y + 25. Let f(w) = b(w) + 2*g(w). Let s be f(-7). What is the highest common divisor of 114 and s?
6
Let n(h) = -25*h**3 + 24*h**2 + 22*h - 16. Let d be n(-5). Calculate the greatest common factor of 118 and d.
59
Let g = -319 + 264. Let z = g - -211. Calculate the greatest common factor of z and 36.
12
Let x(z) = -17*z**3 - z**2 + 43*z + 84. Let f be x(-5). What is the highest common divisor of 11 and f?
11
Suppose 17*k - 21*k + 12 = 0, -6*j - 3*k + 393 = 0. What is the highest common factor of j and 1408?
64
Suppose -2*t - 13*d + 26 = -8*d, -5*t - d = -65. Let a(n) = 2*n**2 - 17*n + 25. Let w be a(t). What is the greatest common divisor of 355 and w?
71
Let n(l) = 2*l**2 + 6*l - 1240. Let c be n(-27). Calculate the highest common factor of c and 91.
7
Suppose 7*z + 36 = 85. Let w(a) = a**3 - 4*a**2 - a - 6. Let s be 4 + 2*1/2. Let i be w(s). Calculate the greatest common divisor of z and i.
7
Suppose 0 = -12*s - 3*s + 15015. Suppose -47*m = -36*m - s. Suppose -2*w + 3*w = 7. What is the highest common factor of w and m?
7
Let u be 12/3 + (-4 - -52). Suppose 55*w - u*w = 9. Suppose 6*h + w*a - 120 = 3*h, h - 3*a - 24 = 0. What is the greatest common divisor of h and 48?
12
Suppose -3*p + 4*i = i - 114, 5*p = i + 182. Suppose 4*j + p*j = 720. What is the greatest common divisor of j and 2?
2
Let b(m) = -9*m**2 + m + 1078. Let z be b(0). Calculate the highest common divisor of z and 294.
98
Suppose -3*r - 4*k = -206, 4 = -6*k + 8*k. Let x = 72 - r. What is the greatest common factor of x and 48?
6
Let n be (-9)/((-9)/4) - (1743 + 1). Let d be -2 + ((-10)/85 - n/51). Calculate the highest common factor of d and 96.
32
Suppose 184 = -3*a + 49. Suppose 168 = 6*z - 14*z. Let w = z - a. Calculate the highest common divisor of 168 and w.
24
Let x = 1 + 11. Suppose a + a + 44 = 0. Let s be -5 - (a + (3 - -2)). Calculate the highest common factor of s and x.
12
Suppose 0 = 9*b + 239 - 419. Let p be (-7 - 0)*24/(-14). Calculate the highest common divisor of p and b.
4
Let o be (3 + -4)/(-2 - 1659/(-833)). What is the highest common divisor of 1411 and o?
17
Suppose 37*s - 84*s + 36660 = 0. Calculate the highest common factor of 60 and s.
60
Suppose 3*i + 215 - 587 = 0. Suppose 4*s = 4*n + 1644, 7*s - 3*n = 3*s + 1649. Let q = s + -385. Calculate the highest common divisor of q and i.
31
Let w = -2623 + 10039. What is the greatest common factor of 36 and w?
36
Let o be 6*((-340)/12 - -3)/(2/(-57)). Calculate the greatest common factor of 456 and o.
228
Let s = 105 - 35. Let y be 1880/(-190) - 6/57. Let o(n) = 2*n**2 + 18*n + 15. Let u be o(y). What is the greatest common factor of s and u?
35
Suppose 0 = 54*q - 2585 - 16585. Suppose -5*m + 5 = 0, 3*c + 0*c + m = 214. Calculate the greatest common factor of q and c.
71
Suppose 0 = -45*a - 101*a - 33*a + 285505. What is the highest common divisor of a and 957?
319
Let m(p) = -2*p**2 - 34*p + 41. Let d be m(-18). Suppose d*i - 205 = 740. Calculate the highest common divisor of i and 27.
27
Let r(d) = -337*d + 6756. Let z be r(15). Calculate the highest common divisor of 108 and z.
27
Let v = -3628 - -3696. What is the highest common divisor of 2006 and v?
34
Let w(s) = s**3 - 7*s**2 - 16*s - 1. Let x(a) = 9*a. Suppose 5*f - 5 + 0 = 0. Let g be x(f). Let m be w(g). Calculate the highest common divisor of m and 17.
17
Suppose 0 = -22*w - 0*w + 220. Let g be 3 + ((-20)/(w/(-2)) - -153). What is the greatest common factor of 48 and g?
16
Let x(l) = -1158*l - 2296. Let z be x(-2). Calculate the greatest common divisor of z and 388.
4
Suppose d + 4*d = -4*d. Suppose 101*s - 98*s - 33 = d. What is the greatest common factor of s and 22?
11
Suppose -8*n = -20*n + 4052 - 1148. What is the greatest common factor of 6 and n?
2
Let b = -31 - -227. What is the greatest common factor of 16 and b?
4
Let a = 30775 + -30423. What is the highest common divisor of 3256 and a?
88
Let x = 1118 + -90. Calculate the greatest common divisor of 4 and x.
4
Let o = 216 - 209. Suppose 45 = 4*n - u, -o*n = -12*n - u + 45. Suppose 4*q = q + 15. Calculate the greatest common divisor of n and q.
5
Let p = 44670 + -19453. Calculate the highest common factor of p and 453.
151
Suppose 3*c = -3*t - 465, -t = 3*c + 29 + 136. Let k be ((-5)/15)/(2/t). Let q = k - 17. Calculate the greatest common factor of 4 and q.
4
Suppose 11 - 6 = b. Suppose 0 = b*g + 5*s - 20, 0 = -6*g + 10*g - 4*s - 40. Calculate the highest common divisor of 301 and g.
7
Let h(b) = 2*b**2 - 145*b - 843. Let q be h(-6). Calculate the greatest common factor of q and 99.
99
Let f = -1159 - -1169. What is the highest common divisor of 810 and f?
10
Let x(a) = 4*a**3 + 52*a**2 + 63*a - 843. Let d be x(11). What is the greatest common factor of 91 and 